rs of j?
19
Suppose 0 = 3*p + 2*v - 1881, -2*p = -3*v + 6*v - 1249. What are the prime factors of p?
17, 37
Let l = 1051 + -165. Suppose 7*h - l + 277 = 0. List the prime factors of h.
3, 29
Suppose r - 1266 - 219 = 0. What are the prime factors of r?
3, 5, 11
List the prime factors of ((-180)/(-14))/(-12 - 63045/(-5250)).
2, 3, 5
Suppose 2*p - 20 = 6*p. What are the prime factors of 1 + 1 - (p + -30)?
37
Suppose -8 - 8 = 2*b + 4*u, 0 = -2*b + 3*u + 19. Suppose -3*z = -8 + b. List the prime factors of z/(-4)*104/(-4).
13
Let t be ((-81)/6)/(-9)*-2. Let z be 3 + (t - -7) + 1. Suppose 0 = -x - 3*a + 31, -5*x + 4*a + 182 = z. List the prime factors of x.
2, 17
Let a(f) = 3*f + 18. Let h be a(-5). Suppose -2*q - 6 = -h*q. List the prime factors of q.
2, 3
Suppose j = 4*j + 3. List the prime factors of (-23 - 67)*(j/1)/1.
2, 3, 5
Let v = -46 + 77. Suppose 4*j - 113 = v. What are the prime factors of j?
2, 3
Let n(x) = 3*x**2 + 9*x + 34. Let t(k) = -k - 16. Let g be t(-9). What are the prime factors of n(g)?
2, 59
Let f = -412 + 826. Let t = 628 - f. What are the prime factors of t?
2, 107
Suppose -5*o = -4*q, 5*q - 7*q = 2*o. Suppose 5*d + g - 3*g - 26 = 0, -3*d = 5*g + 3. Suppose d*k - 112 - 88 = o. List the prime factors of k.
2, 5
Suppose -4*c - 4*w - 28 = 0, -c + 5*c - 4*w - 12 = 0. Let t(s) be the first derivative of -7*s**4/4 - s**3 - 5*s**2/2 - 5*s + 1. List the prime factors of t(c).
7
Suppose 10800 = -10*v + 30*v. List the prime factors of v.
2, 3, 5
Suppose -6969 = -17*z - 2243. List the prime factors of z.
2, 139
Let o be (-9)/(-9) - (-2 + -1). Suppose 49 = r - o*s, 3*r - 147 = s + 2*s. List the prime factors of r.
7
Suppose 18*a - 5*j + 443 = 20*a, -2*a + 5*j + 413 = 0. List the prime factors of a.
2, 107
Let n(x) = x + 1. Let k(u) = 8*u + 4. Let m(l) = -15*l - 8. Let f(w) = -5*k(w) - 3*m(w). Let d(g) = f(g) - 6*n(g). What are the prime factors of d(-20)?
2, 3
Let r = 37 - 28. Let l(a) = -7*a**2 + 7 + 20*a**3 - a - r*a**3 - 12*a**3. List the prime factors of l(-7).
2, 7
Let u(b) = 12*b**2 - 26*b - 278. What are the prime factors of u(20)?
2, 3, 23, 29
What are the prime factors of (-196384)/(-95) + 4/(-20)?
3, 13, 53
Let u = -2891 - -6536. List the prime factors of u.
3, 5
Let i(g) = g**2 - 11*g + 7. Suppose 7*c - 50 = 2*c. Let l be i(c). List the prime factors of (l + 3)/3 + 33.
3, 11
Suppose -5*d - 2*l + 5782 = 0, -11*d + 7*d - 5*l = -4612. What are the prime factors of d?
2, 3, 193
Let l(t) be the third derivative of -7*t**4/4 - 7*t**2. List the prime factors of l(-1).
2, 3, 7
Let i = 135 - 153. What are the prime factors of (4 + 0)/(i/(-117))?
2, 13
Let u(d) = 2*d**2 + 4*d - 1. Suppose 8*f - 3 = -3*r + 4*f, 2*f = -3*r + 9. List the prime factors of u(r).
3, 23
Suppose -4*f - 29 = -33. Let p(h) = 49*h**2 - h + 1. Let t be p(f). Suppose 2*j - 45 - t = 0. List the prime factors of j.
47
Let n(d) = 36*d**2 + 5*d + 7. List the prime factors of n(-5).
2, 3, 7
Let t(p) = -3*p**2 + p - 5. Let y be t(-3). Let n = y - -55. What are the prime factors of n?
2, 5
Let a(n) = n**2 - 9*n - 10. Let p(i) = i**2 + 2*i - 9. Let z be p(-6). What are the prime factors of a(z)?
2, 5
Suppose 16*r - 9671 = -5*x + 19*r, -2*r - 5803 = -3*x. List the prime factors of x.
1933
Let q(j) be the first derivative of 3*j**2 - 43*j + 35. What are the prime factors of q(12)?
29
Suppose n - 2 = 6. Let w be 9 + -6 - n/(-2). Let y = w - -29. What are the prime factors of y?
2, 3
Let k = -31 - -107. Suppose 2*w - w - k = 0. What are the prime factors of w?
2, 19
Let p be -2 + 8/(-1) - -5. List the prime factors of -1 - (5 + (-145 - p)).
2, 67
Suppose 86*o = 93*o - 2296. List the prime factors of o.
2, 41
Let r = -14 + 19. Let u(m) = m**2 - 2. Let v be u(2). List the prime factors of r - -1*2/v.
2, 3
Suppose -4*j - 240 = 4*k, 3*j = -5*k - 263 + 87. Let q = 121 + j. What are the prime factors of q?
59
Let p = 38 - -201. List the prime factors of p.
239
Suppose -5*f + 320 = 3*l, -4*f + 203 = 2*l - 9. Suppose 517 = 3*y - 2*z, z + 1222 = 5*y + 372. Let j = y - l. What are the prime factors of j?
59
Let g(w) = -w**3 + w**2 - 7*w - 5. Let c be g(-4). Suppose 2*i + 4*n - c = i, -3*i - 4*n + 269 = 0. List the prime factors of i.
83
Let i(y) = 227*y + 46. Let x be i(12). Suppose x + 220 = 13*c. List the prime factors of c.
2, 5, 23
Let d = 1285 - 264. Suppose 7*h = d + 148. What are the prime factors of h?
167
Let k = 45 + -41. Let z(i) = 4*i + 9. What are the prime factors of z(k)?
5
Let m = 4 + 1. Let g be (20/(-30))/((-1)/12). Suppose -u - g = -m*u. List the prime factors of u.
2
Suppose i = -4 + 12. Suppose -1 = -3*b + i. Suppose -b*j + 3*h = -66, j + 0*h = 5*h + 22. List the prime factors of j.
2, 11
Let r be (24/(-20) - 0)*10/(-3). Suppose -r*u + 85 = 5*i - 2*i, 5*i - 157 = u. What are the prime factors of i?
31
List the prime factors of 1*(-19372)/(-8) - (-5)/(-10).
3, 269
Let z = 2 + 5. Suppose 18 = 5*o + 3*s, -o - 4*s + 0*s = -z. Suppose -27 = o*y - 6*y. List the prime factors of y.
3
Suppose 3*i = -k + 628, 2*i + 0*i = -5*k + 410. Suppose 3*b + 0*b - i = 0. What are the prime factors of b?
2, 5, 7
Let o be (1 + (-4)/(-4))*151. Suppose 7*h - 83 - o = 0. Suppose -2*m + 7*g + 74 = 2*g, h = m + 2*g. List the prime factors of m.
47
Let z(m) = 2*m**3 - m**2 + 2*m - 3. Let t = 3 - -13. Let r = -14 + t. What are the prime factors of z(r)?
13
Suppose 2*a - a = -35. Let d(n) = n**2 - n + 2. Let q be d(8). Let k = a + q. List the prime factors of k.
23
Suppose -4*i + 0*i - 411 = 5*o, -6 = 2*o. Let m = -94 - i. What are the prime factors of m?
5
Let v(q) = q + 4. Let b be v(-10). Let s = b + 0. List the prime factors of 13 - (s/(-2) + -2).
2, 3
Let i(q) be the first derivative of q**4/4 + 8*q**3/3 + 3*q**2 - q - 4. Let h be i(-7). Suppose h*z = z + 105. What are the prime factors of z?
3, 7
Let i(t) = -3*t + 6. Let h be i(3). Let l be (-302)/(-4)*(h - -5). Suppose 3*k - l = 2. List the prime factors of k.
3, 17
Let o = -228 - -486. List the prime factors of o.
2, 3, 43
Let f be ((-68)/(-6))/((-1)/((-261)/6)). Suppose 3*y - 47 = f. List the prime factors of y.
2, 3, 5
Let r(u) = u**2 + 11*u - 7. Suppose 0*d + 75 = -5*d. List the prime factors of r(d).
53
Suppose -4*d + 0*v + v + 3838 = 0, 4*d - 5*v - 3830 = 0. What are the prime factors of d?
2, 3, 5
Let h(w) be the third derivative of 0 + 5*w**2 + 1/12*w**5 + 0*w**3 + 1/120*w**6 + 0*w + 1/8*w**4. What are the prime factors of h(-3)?
3
Suppose -5*g - 2*w + 1219 = -6*w, 3*w + 976 = 4*g. Suppose -37 = 2*h - g. What are the prime factors of h?
3, 5, 7
Let t(y) = -4*y**3 - 2*y**2 + 3*y. Let b be t(2). Let k = b - -114. List the prime factors of (15/10)/(6/k).
2, 5
Suppose -n = 4*v - 667, 64*n = 59*n - v + 3411. What are the prime factors of n?
683
Let b(q) = -2*q + 19. Let f be b(8). Let t(v) = -f - 57*v + 20 + 60*v + 1. List the prime factors of t(16).
2, 3, 11
Let m(d) = -d**3 + 4*d**2 + 4*d + 14. Let g be m(5). Let o be g/2*(-12)/(-9). Suppose o*y - 11*y + 420 = 0. What are the prime factors of y?
2, 3, 7
Let b(v) = 718*v**2 + 2*v. What are the prime factors of b(1)?
2, 3, 5
Let f be 29/2 - (2 - 1)/(-2). Let z(g) = g**2 - 5*g + 23. What are the prime factors of z(f)?
173
What are the prime factors of 1 - 15/9 - (-15684)/36?
3, 5, 29
Let x = 24 + -37. Let r = x + 6. Let c = 13 + r. List the prime factors of c.
2, 3
Let i be 12/(-40)*-2 + (-17)/(-5). What are the prime factors of (224 - (-4)/i - 4) + 4?
3, 5
Suppose 9*l - 209 = 97. Suppose -s + l = -5*c, -6*s + 2*s - 3*c = -67. What are the prime factors of s?
19
Let h = 8 - 8. Suppose -2*c - m = -104, h = 3*c - 4*m + m - 138. What are the prime factors of c?
2, 5
Let q = -35 + 107. Let z(j) = j**2 - 8. Let f be z(-6). Suppose 5*g - f - q = 0. What are the prime factors of g?
2, 5
Let t = 2 - -9. Let f(k) = -k + 2. Let r be f(t). Let o = r - -26. What are the prime factors of o?
17
Let b(t) = -t**3 - 8*t**2 - 8*t - 7. Let m(j) = -j**3 - 5*j**2 - 2*j + 4. Let u be m(-5). Let r be 12/42 - 116/u. What are the prime factors of b(r)?
3, 19
Suppose -6*w + 1322 = 3*i - w, -i - 5*w = -454. What are the prime factors of i?
2, 7, 31
Let k(l) = l**2 + 5*l + 132. Suppose 2*z - 8 = -2*f, -3*f = 2*f - z + 4. List the prime factors of k(f).
2, 3, 11
Suppose 3*z + 17 = k, -3*k + 5*z = z - 31. Suppos